le of 27?
False
Is 1296 a multiple of 5?
False
Is 1260 a multiple of 3?
True
Is 1446 a multiple of 8?
False
Is 1924 a multiple of 37?
True
Is 31 a factor of 12220?
False
Is 1006 a multiple of 3?
False
Is 434 a multiple of 14?
True
Is 6 a factor of 845?
False
Is 3177 a multiple of 9?
True
Is 28873 a multiple of 22?
False
Does 5 divide 4702?
False
Is 76 a factor of 18911?
False
Is 93 a factor of 14674?
False
Is 20 a factor of 1255?
False
Does 13 divide 5668?
True
Is 12126 a multiple of 86?
True
Is 16 a factor of 13648?
True
Is 59657 a multiple of 203?
False
Is 133 a factor of 68983?
False
Does 13 divide 173?
False
Is 23 a factor of 966?
True
Is 13812 a multiple of 7?
False
Is 1862 a multiple of 61?
False
Is 13 a factor of 3185?
True
Is 43 a factor of 227?
False
Is 47 a factor of 14993?
True
Does 26 divide 936?
True
Is 23920 a multiple of 52?
True
Does 22 divide 51172?
True
Is 118312 a multiple of 92?
True
Is 690 a multiple of 6?
True
Does 44 divide 11220?
True
Does 10 divide 590?
True
Does 7 divide 32795?
True
Is 148 a factor of 55143?
False
Is 12 a factor of 113439?
False
Is 9 a factor of 101243?
False
Is 59 a factor of 805?
False
Does 13 divide 51311?
True
Is 41 a factor of 616?
False
Is 18882 a multiple of 36?
False
Is 20676 a multiple of 50?
False
Is 1008 a multiple of 72?
True
Is 2520 a multiple of 42?
True
Is 747 a multiple of 45?
False
Does 7 divide 42961?
False
Is 2600 a multiple of 21?
False
Is 1716 a multiple of 132?
True
Is 11397 a multiple of 30?
False
Does 30 divide 42?
False
Is 909 a multiple of 17?
False
Does 23 divide 391?
True
Is 36 a factor of 1148?
False
Does 19 divide 437?
True
Is 72 a factor of 1296?
True
Does 180 divide 15875?
False
Is 1683 a multiple of 9?
True
Is 92 a factor of 4784?
True
Is 39528 a multiple of 162?
True
Is 22693 a multiple of 11?
True
Is 67 a factor of 2908?
False
Is 32 a factor of 256?
True
Does 101 divide 9292?
True
Is 664 a multiple of 83?
True
Is 55 a factor of 19195?
True
Is 8452 a multiple of 31?
False
Is 23 a factor of 391?
True
Is 460 a multiple of 23?
True
Is 16271 a multiple of 24?
False
Is 1535 a multiple of 5?
True
Is 22475 a multiple of 31?
True
Is 13 a factor of 3861?
True
Does 45 divide 644?
False
Is 133760 a multiple of 272?
False
Is 16 a factor of 2827?
False
Is 1120 a multiple of 20?
True
Is 4172 a multiple of 81?
False
Does 39 divide 2067?
True
Does 24 divide 4608?
True
Is 19488 a multiple of 96?
True
Does 5 divide 929?
False
Is 10411 a multiple of 50?
False
Is 3 a factor of 2100?
True
Does 2 divide 58?
True
Is 42305 a multiple of 46?
False
Is 6386 a multiple of 103?
True
Is 111 a factor of 3283?
False
Does 118 divide 6490?
True
Is 16604 a multiple of 5?
False
Is 170 a factor of 63580?
True
Is 17 a factor of 9694?
False
Is 2088 a multiple of 9?
True
Does 15 divide 930?
True
Is 101 a factor of 2849?
False
Does 50 divide 50?
True
Is 2059 a multiple of 71?
True
Is 12923 a multiple of 12?
False
Is 82 a factor of 6872?
False
Is 56 a factor of 21280?
True
Is 10339 a multiple of 20?
False
Does 21 divide 54?
False
Does 59 divide 1477?
False
Is 2277 a multiple of 99?
True
Is 857 a multiple of 5?
False
Is 31 a factor of 32860?
True
Is 7 a factor of 459?
False
Is 45 a factor of 630?
True
Is 2288 a multiple of 52?
True
Is 627 a multiple of 57?
True
Does 66 divide 24038?
False
Does 134 divide 5628?
True
Is 3047 a multiple of 70?
False
Is 5484 a multiple of 12?
True
Does 3 divide 408?
True
Is 494 a multiple of 24?
False
Does 5 divide 8335?
True
Does 11 divide 671?
True
Is 350 a factor of 71206?
False
Is 9 a factor of 1190?
False
Does 16 divide 1136?
True
Does 34 divide 3570?
True
Does 109 divide 34771?
True
Is 1383 a multiple of 40?
False
Is 26 a factor of 838?
False
Is 6642 a multiple of 10?
False
Is 12 a factor of 22998?
False
Does 17 divide 1990?
False
Does 13 divide 390?
True
Is 4401 a multiple of 5?
False
Is 22 a factor of 188?
False
Does 67 divide 4221?
True
Does 92 divide 71760?
True
Is 18 a factor of 7341?
False
Is 10 a factor of 567?
False
Is 16839 a multiple of 45?
False
Does 12 divide 496?
False
Is 583 a multiple of 15?
False
Is 29 a factor of 2204?
True
Does 17 divide 17756?
False
Is 3364 a multiple of 116?
True
Is 8 a factor of 3952?
True
Is 12 a factor of 132?
True
Is 3 a factor of 816?
True
Is 40 a factor of 7794?
False
Is 365 a multiple of 5?
True
Is 18 a factor of 28861?
False
Is 21112 a multiple of 58?
True
Is 7 a factor of 1876?
True
Does 55 divide 2530?
True
Does 5 divide 785?
True
Does 6 divide 702?
True
Is 2112 a multiple of 11?
True
Does 42 divide 7098?
True
Does 8 divide 942?
False
Is 1302 a multiple of 21?
True
Is 9 a factor of 480?
False
Is 81 a multiple of 9?
True
Is 19928 a multiple of 376?
True
Is 2525 a multiple of 5?
True
Is 26192 a multiple of 16?
True
Is 25 a factor of 1207?
False
Is 7460 a multiple of 10?
True
Is 22 a factor of 3586?
True
Is 5 a factor of 83?
False
Is 570 a multiple of 16?
False
Is 704 a multiple of 44?
True
Is 133 a multiple of 2?
False
Is 916 a multiple of 10?
False
Does 16 divide 8048?
True
Is 7738 a multiple of 53?
True
Is 22 a factor of 87318?
True
Is 32274 a multiple of 198?
True
Is 32 a factor of 8320?
True
Is 2016 a multiple of 42?
True
Does 13 divide 1974?
False
Is 5 a factor of 780?
True
Does 7 divide 14721?
True
Is 6408 a multiple of 18?
True
Is 2295 a multiple of 61?
False
Is 969 a multiple of 17?
True
Is 74 a factor of 19018?
True
Is 5916 a multiple of 8?
False
Is 39 a factor of 2278?
False
Does 12 divide 6030?
False
Is 748 a multiple of 17?
True
Is 7 a factor of 150?
False
Is 1170 a multiple of 45?
True
Is 18501 a multiple of 12?
False
Does 26 divide 13773?
False
Is 165 a factor of 24090?
True
Is 36 a factor of 28224?
True
Is 13297 a multiple of 17?
False
Is 117 a factor of 73008?
True
Does 47 divide 45167?
True
Is 160 a factor of 113920?
True
Is 34802 a multiple of 11?
False
Is 105 a factor of 48930?
True
Is 4 a factor of 22?
False
Is 87 a factor of 1218?
True
Does 3 divide 1005?
True
Is 52486 a multiple of 46?
True
Does 7 divide 21?
True
Is 9 a factor of 882?
True
Is 236 even?
True
Is 14 a factor of 6973?
False
Is 15 a factor of 945?
True
Is 1257 a multiple of 10?
False
Is 48 a factor of 974?
False
Is 2954 a multiple of 25?
False
Is 1090 a multiple of 10?
True
Is 70 a multiple of 4?
False
Is 49 a factor of 17787?
True
Does 21 divide 1360?
False
Is 28 a multiple of 3?
False
Is 52243 a multiple of 25?
False
Is 68 a factor of 1254?
False
Is 20 a factor of 37780?
True
Does 39 divide 3074?
False
Is 1001 a multiple of 11?
True
Does 18 divide 4611?
False
Is 5229 a multiple of 21?
True
Is 30 a factor of 90?
True
Is 28 a factor of 3108?
True
Is 15 a factor of 697?
False
Does 12 divide 8672?
False
Is 73 a multiple of 6?
False
Does 30 divide 3150?
True
Is 5 a factor of 12445?
True
Does 45 divide 1305?
True
Is 92 a factor of 12485?
False
Does 92 divide 7268?
True
Does 4 divide 541?
False
Is 22 a factor of 3366?
True
Is 567 a multiple of 63?
True
Is 83109 a multiple of 13?
True
Is 1782 a multiple of 33?
True
Is 39 a factor of 38360?
False
Is 2 a factor of 297?
False
Is 334 a multiple of 9?
False
Does 2 divide 114?
True
Does 47 divide 564?
True
Is 234 a multiple of 9?
True
Is 15400 a multiple of 70?
True
Is 97 a factor of 1746?
True
Does 19 divide 613?
False
Is 3648 a multiple of 16?
True
Is 28 a factor of 4032?
True
Does 104 divide 492?
False
Is 6 a factor of 486?
True
Is 38 a factor of 1661?
False
Is 470 a multiple of 10?
True
Is 96 a multiple of 16?
True
Does 8 divide 1632?
True
Is 81719 a multiple of 118?
False
Is 5260 a multiple of 30?
False
Does 10 divide 1703?
False
Is 14 a factor of 2936?
False
Is 55528 a multiple of 44?
True
Is 1053 a multiple of 2?
False
Is 9469 a multiple of 68?
False
Is 562 a multiple of 33?
False
Is 18 a factor of 3065?
False
Does 90 divide 11794?
False
Is 11 a factor of 544?
False
Is 8595 a multiple of 27?
False
Does 82 divide 17009?
False
Does 27 divide 1908?
False
Is 7 a factor of 685?
False
Does 92 divide 736?
True
Does 15 divide 436?
False
Is 77 a multiple of 11?
True
Is 164 a multiple of 2?
True
Is 233 a multiple of 10?
False
Does 9 divide 1388?
False
Is 35 even?
False
Is 58 a factor of 6544?
False
Is 403 a multiple of 3?
False
Does 5 divide 232?
False
Does 13 divide 239?
False
Is 2744 a multiple of 14?
Tru